e prime factors of 533?
13, 41
What are the prime factors of 797?
797
List the prime factors of 501.
3, 167
List the prime factors of 424.
2, 53
What are the prime factors of 43826?
2, 17, 1289
What are the prime factors of 89446?
2, 7, 6389
List the prime factors of 6650.
2, 5, 7, 19
What are the prime factors of 19266?
2, 3, 13, 19
List the prime factors of 6188.
2, 7, 13, 17
List the prime factors of 155.
5, 31
List the prime factors of 52.
2, 13
List the prime factors of 86.
2, 43
List the prime factors of 9562.
2, 7, 683
What are the prime factors of 19738?
2, 71, 139
List the prime factors of 1071.
3, 7, 17
What are the prime factors of 486?
2, 3
What are the prime factors of 2946?
2, 3, 491
What are the prime factors of 149086?
2, 7, 23, 463
List the prime factors of 1635.
3, 5, 109
What are the prime factors of 19460?
2, 5, 7, 139
What are the prime factors of 1734?
2, 3, 17
What are the prime factors of 19724?
2, 4931
What are the prime factors of 876?
2, 3, 73
List the prime factors of 345.
3, 5, 23
What are the prime factors of 7972?
2, 1993
What are the prime factors of 1586?
2, 13, 61
What are the prime factors of 9273?
3, 11, 281
List the prime factors of 1985.
5, 397
What are the prime factors of 9090?
2, 3, 5, 101
List the prime factors of 2083.
2083
What are the prime factors of 21193?
21193
What are the prime factors of 4306?
2, 2153
What are the prime factors of 2184?
2, 3, 7, 13
List the prime factors of 97519.
113, 863
What are the prime factors of 16337?
17, 31
List the prime factors of 2802.
2, 3, 467
What are the prime factors of 49?
7
What are the prime factors of 3728?
2, 233
What are the prime factors of 636?
2, 3, 53
List the prime factors of 5046.
2, 3, 29
What are the prime factors of 1184?
2, 37
List the prime factors of 37758.
2, 3, 7, 29, 31
List the prime factors of 6503.
7, 929
List the prime factors of 163456.
2, 1277
List the prime factors of 1466.
2, 733
List the prime factors of 57396.
2, 3, 4783
List the prime factors of 3163.
3163
List the prime factors of 10113.
3, 3371
List the prime factors of 15088.
2, 23, 41
List the prime factors of 1747.
1747
What are the prime factors of 25222?
2, 12611
What are the prime factors of 34916?
2, 7, 29, 43
What are the prime factors of 36715?
5, 7, 1049
List the prime factors of 1474.
2, 11, 67
What are the prime factors of 10?
2, 5
What are the prime factors of 2761?
11, 251
What are the prime factors of 547?
547
List the prime factors of 15449.
7, 2207
What are the prime factors of 170717?
31, 5507
List the prime factors of 227.
227
What are the prime factors of 5754?
2, 3, 7, 137
List the prime factors of 9102.
2, 3, 37, 41
List the prime factors of 2278.
2, 17, 67
What are the prime factors of 6833?
6833
What are the prime factors of 2075?
5, 83
List the prime factors of 5280.
2, 3, 5, 11
What are the prime factors of 804?
2, 3, 67
What are the prime factors of 18980?
2, 5, 13, 73
What are the prime factors of 11985?
3, 5, 17, 47
What are the prime factors of 112166?
2, 17, 3299
What are the prime factors of 9672?
2, 3, 13, 31
What are the prime factors of 882?
2, 3, 7
List the prime factors of 1851.
3, 617
What are the prime factors of 3307?
3307
List the prime factors of 17712.
2, 3, 41
List the prime factors of 2207.
2207
What are the prime factors of 35087?
13, 2699
What are the prime factors of 2469?
3, 823
What are the prime factors of 25745?
5, 19, 271
What are the prime factors of 101061?
3, 19, 197
What are the prime factors of 635?
5, 127
What are the prime factors of 889?
7, 127
What are the prime factors of 113721?
3, 37907
What are the prime factors of 29046?
2, 3, 47, 103
What are the prime factors of 18370?
2, 5, 11, 167
What are the prime factors of 537?
3, 179
What are the prime factors of 12383?
7, 29, 61
List the prime factors of 2706.
2, 3, 11, 41
What are the prime factors of 11759?
11, 1069
What are the prime factors of 44004?
2, 3, 19, 193
List the prime factors of 13364.
2, 13, 257
List the prime factors of 454.
2, 227
What are the prime factors of 3519?
3, 17, 23
List the prime factors of 1640.
2, 5, 41
What are the prime factors of 5052?
2, 3, 421
What are the prime factors of 126?
2, 3, 7
List the prime factors of 3140.
2, 5, 157
What are the prime factors of 1191?
3, 397
List the prime factors of 7290.
2, 3, 5
What are the prime factors of 1093?
1093
What are the prime factors of 419?
419
What are the prime factors of 132936?
2, 3, 29, 191
List the prime factors of 8150.
2, 5, 163
What are the prime factors of 25770?
2, 3, 5, 859
What are the prime factors of 69353?
223, 311
What are the prime factors of 61242?
2, 3, 59, 173
What are the prime factors of 44?
2, 11
List the prime factors of 1667.
1667
List the prime factors of 74407.
37, 2011
List the prime factors of 10300.
2, 5, 103
What are the prime factors of 1593?
3, 59
What are the prime factors of 1136?
2, 71
What are the prime factors of 22892?
2, 59, 97
What are the prime factors of 185?
5, 37
What are the prime factors of 3968?
2, 31
List the prime factors of 89653.
89653
List the prime factors of 3756.
2, 3, 313
What are the prime factors of 13443?
3, 4481
What are the prime factors of 8?
2
List the prime factors of 14350.
2, 5, 7, 41
List the prime factors of 108882.
2, 3, 23, 263
What are the prime factors of 306?
2, 3, 17
List the prime factors of 24895.
5, 13, 383
List the prime factors of 754.
2, 13, 29
List the prime factors of 530.
2, 5, 53
What are the prime factors of 9868?
2, 2467
What are the prime factors of 26371?
26371
List the prime factors of 7398.
2, 3, 137
List the prime factors of 6906.
2, 3, 1151
What are the prime factors of 487?
487
List the prime factors of 528.
2, 3, 11
List the prime factors of 10796.
2, 2699
What are the prime factors of 843?
3, 281
List the prime factors of 9730.
2, 5, 7, 139
What are the prime factors of 1365?
3, 5, 7, 13
List the prime factors of 5593.
7, 17, 47
What are the prime factors of 182920?
2, 5, 17, 269
List the prime factors of 18520.
2, 5, 463
List the prime factors of 4368.
2, 3, 7, 13
What are the prime factors of 3194?
2, 1597
What are the prime factors of 3085?
5, 617
List the prime factors of 135425.
5, 5417
What are the prime factors of 14927?
11, 23, 59
What are the prime factors of 18114?
2, 3, 3019
List the prime factors of 19047.
3, 7, 907
What are the prime factors of 33240?
2, 3, 5, 277
List the prime factors of 171.
3, 19
List the prime factors of 77621.
77621
What are the prime factors of 61803?
3, 7, 109
List the prime factors of 85731.
3, 17, 41
List the prime factors of 3853.
3853
What are the prime factors of 4655?
5, 7, 19
What are the prime factors of 30191?
7, 19, 227
What are the prime factors of 588?
2, 3, 7
What are the prime factors of 125813?
125813
List the prime factors of 1848.
2, 3, 7, 11
List the prime factors of 2492.
2, 7, 89
List the prime factors of 63673.
41, 1553
List the prime factors of 7252.
2, 7, 37
What are the prime factors of 41480?
2, 5, 17, 61
List the prime factors of 120690.
2, 3, 5, 149
List the prime factors of 1922.
2, 31
List the prime factors of 14419.
14419
List the prime factors of 1060.
2, 5, 53
What are the prime factors of 153778?
2, 23, 3343
What are the prime factors of 1036?
2, 7, 37
What are the prime factors of 581?
7, 83
List the prime factors of 677.
677
What are the prime factors of 1016?
2, 127
List the prime factors of 42424.
2, 5303
What are the prime factors of 3115?
5, 7, 89
List the prime factors of 17291.
17291
What are the prime factors of 653?
653
List the prime factors of 1436.
2, 359
List the prime factors of 20874.
2, 3, 7, 71
List the prime factors of 1008.
2, 3, 7
What are the prime factors of 32099?
32099
List the prime factors of 349.
349
What are the prime factors of 312?
2, 3, 13
List the prime factors of 1524.
2, 3, 127
List the prime factors of 1147.
31, 37
List the prime factors of 3265.
5, 653
What are the prime factors of 38371?
38371
List the prime factors of 1123.
1123
What are the prime factors of 1714?
2, 857
What are the prime factors of 1850?
2, 5, 37
What are the prime factors of 5048?
2, 631
List the prime factors of 6052.
2, 17, 89
What are the prime factors of 443?
443
List the prime factors of 29917.
29917
What ar